 the greatest common divisor of 76450 and 4400?
550
Calculate the highest common divisor of 6624 and 4094.
46
What is the greatest common factor of 19668 and 209?
11
Calculate the greatest common divisor of 74187 and 63.
9
What is the highest common divisor of 101083 and 22007?
373
Calculate the highest common factor of 4888236 and 356.
356
Calculate the greatest common factor of 70 and 158870.
10
Calculate the highest common factor of 219 and 1710974.
73
Calculate the greatest common divisor of 15742 and 34.
34
Calculate the highest common divisor of 5824 and 361024.
64
What is the highest common divisor of 16905 and 51198?
483
Calculate the greatest common divisor of 49 and 1230733.
49
Calculate the greatest common divisor of 710 and 65746.
142
What is the highest common factor of 14322 and 3806?
22
What is the greatest common factor of 3670 and 3548156?
734
Calculate the greatest common divisor of 98198 and 148.
74
What is the greatest common factor of 92329 and 87967?
727
What is the highest common divisor of 91330 and 60?
10
Calculate the highest common divisor of 15059 and 77.
11
What is the highest common divisor of 62454 and 336?
42
What is the greatest common divisor of 5 and 2113135?
5
Calculate the greatest common factor of 3724 and 418656.
196
Calculate the highest common divisor of 1036 and 45436.
148
Calculate the highest common factor of 41705 and 7024.
439
What is the greatest common factor of 184224 and 11552?
608
Calculate the highest common divisor of 47040 and 23618.
98
What is the greatest common divisor of 5432 and 638939?
679
What is the greatest common factor of 7051 and 10923?
11
Calculate the greatest common divisor of 175 and 597275.
175
What is the greatest common factor of 20 and 125530?
10
Calculate the greatest common divisor of 31595 and 2225.
445
Calculate the greatest common factor of 210848 and 418.
22
Calculate the greatest common factor of 28540 and 260.
20
Calculate the greatest common factor of 16833 and 65703.
543
Calculate the highest common divisor of 984 and 2916.
12
Calculate the greatest common divisor of 1274 and 57967.
637
What is the greatest common divisor of 2366 and 28054?
338
What is the greatest common divisor of 5820 and 825?
15
What is the highest common factor of 1188 and 797346?
198
What is the highest common factor of 870 and 31755?
435
What is the greatest common divisor of 549732 and 1464?
732
What is the highest common factor of 158 and 99224?
158
Calculate the highest common factor of 6538 and 56.
14
What is the greatest common factor of 64 and 410?
2
Calculate the highest common divisor of 75 and 56075.
25
Calculate the greatest common divisor of 242375 and 525.
175
What is the greatest common divisor of 436 and 3052?
436
What is the highest common factor of 18928 and 44278?
338
What is the greatest common factor of 109592 and 8512?
1064
Calculate the greatest common factor of 485628 and 396.
132
Calculate the highest common factor of 498 and 354.
6
What is the greatest common divisor of 55 and 46340?
5
What is the highest common divisor of 5304 and 9672?
312
What is the greatest common divisor of 936 and 3648?
24
Calculate the greatest common factor of 2442 and 264.
66
What is the greatest common divisor of 88 and 156288?
88
Calculate the greatest common factor of 242940 and 180.
60
What is the greatest common divisor of 97140 and 120?
60
Calculate the highest common factor of 14072 and 96.
8
Calculate the highest common divisor of 41 and 53833.
41
Calculate the greatest common divisor of 17472 and 9216.
192
What is the greatest common divisor of 1793 and 616?
11
Calculate the greatest common divisor of 15813 and 2268.
63
What is the highest common factor of 178 and 75027?
89
What is the greatest common divisor of 4720 and 66?
2
What is the highest common divisor of 157383 and 871?
67
What is the highest common factor of 1781297 and 49?
49
What is the greatest common divisor of 21644 and 28?
28
What is the greatest common factor of 2226 and 40386?
318
What is the highest common factor of 186760 and 4508?
644
What is the highest common divisor of 34 and 77248?
34
What is the highest common factor of 6019560 and 36?
36
Calculate the greatest common factor of 724 and 788074.
362
Calculate the greatest common factor of 1099 and 44431.
157
What is the highest common factor of 459 and 11866?
17
What is the highest common divisor of 25 and 206345?
5
What is the greatest common divisor of 124 and 342054?
62
What is the greatest common factor of 779728 and 32?
16
What is the highest common divisor of 110353 and 9284?
211
Calculate the highest common factor of 80 and 3240.
40
Calculate the highest common divisor of 169696 and 256.
32
What is the highest common divisor of 1870 and 298690?
170
What is the greatest common divisor of 1646541 and 39?
39
What is the highest common divisor of 100878 and 6?
6
Calculate the greatest common divisor of 21791 and 539.
77
What is the greatest common divisor of 54 and 105678?
54
Calculate the greatest common divisor of 115 and 1511054.
23
What is the highest common divisor of 308 and 8974?
14
What is the highest common divisor of 39580 and 298829?
1979
Calculate the greatest common divisor of 2880 and 13120.
320
What is the highest common factor of 66 and 7887?
33
What is the highest common divisor of 11529 and 298473?
1281
Calculate the highest common divisor of 5916 and 2278.
34
What is the greatest common factor of 4756 and 12?
4
What is the highest common factor of 5049364 and 474?
158
Calculate the highest common factor of 895 and 585.
5
What is the highest common factor of 10609 and 11?
1
Calculate the greatest common divisor of 4 and 5342252.
4
Calculate the highest common divisor of 65 and 3716245.
65
What is the highest common divisor of 66048 and 1720?
344
What is the highest common factor of 152 and 135736?
152
Calculate the highest common divisor of 364 and 69644.
4
What is the highest common factor of 27 and 213408?
27
Calculate the highest common factor of 42559 and 583.
583
What is the highest common factor of 7183 and 28347?
11
Calculate the highest common factor of 6 and 6151.
1
What is the greatest common divisor of 451 and 6071813?
451
What is the greatest common factor of 2584 and 23712?
152
Calculate the highest common factor of 5069828 and 5392.
1348
Calculate the greatest common factor of 291390 and 264.
66
What is the highest common divisor of 966 and 9408?
42
Calculate the greatest common factor of 6670 and 65.
5
Calculate the greatest common factor of 27968 and 184.
184
Calculate the greatest common divisor of 3820 and 60.
20
Calculate the greatest common factor of 6556 and 2509756.
596
Calculate the greatest common divisor of 1014 and 9474.
6
What is the greatest common factor of 32509 and 49039?
551
What is the greatest common factor of 1875 and 29975?
25
What is the greatest common divisor of 57 and 52687?
19
Calculate the highest common factor of 5799 and 19.
1
Calculate the highest common factor of 12606 and 305982.
1146
Calculate the highest common divisor of 9807 and 21357.
21
Calculate the greatest common factor of 164 and 4059.
41
Calculate the greatest common divisor of 11077 and 7315.
209
What is the highest common divisor of 63333 and 372?
93
What is the highest common factor of 74 and 223406?
74
What is the greatest common divisor of 8701 and 924?
77
Calculate the greatest common factor of 69 and 42297.
69
What is the greatest common divisor of 180 and 226890?
90
What is the highest common divisor of 675 and 6405?
15
Calculate the greatest common factor of 11098 and 2914.
62
Calculate the highest common divisor of 29735 and 1900.
95
Calculate the greatest common factor of 33558 and 6486.
282
Calculate the greatest common divisor of 3300 and 445775.
275
Calculate the greatest common factor of 4 and 68606.
2
Calculate the greatest common factor of 196794 and 2457.
117
Calculate the greatest common divisor of 22898 and 58.
2
Calculate the highest common factor of 3536 and 19856.
272
What is the highest common factor of 1248993 and 1662?
831
Calculate the greatest common factor of 369 and 219.
3
Calculate the highest common factor of 638 and 4901.
29
Calculate the highest common divisor of 426 and 95637.
213
What i